
Calculate the remainder when 9735692 is divided by 68.
64
Calculate the remainder when 15772118 is divided by 5257361.
35
What is the remainder when 7134147 is divided by 137195?
7
Calculate the remainder when 5057507 is divided by 1685826.
29
Calculate the remainder when 14520 is divided by 7137.
246
What is the remainder when 1070493 is divided by 3696?
2349
Calculate the remainder when 1043101 is divided by 521518.
65
What is the remainder when 46551 is divided by 9277?
166
Calculate the remainder when 1892 is divided by 47.
12
What is the remainder when 4356713 is divided by 232?
217
What is the remainder when 607334 is divided by 4498?
104
What is the remainder when 76683808 is divided by 210?
208
Calculate the remainder when 5035663 is divided by 987.
976
What is the remainder when 16379697 is divided by 498?
477
What is the remainder when 53986433 is divided by 26993184?
65
Calculate the remainder when 1852250 is divided by 102637.
4784
Calculate the remainder when 421467 is divided by 421414.
53
Calculate the remainder when 3566384 is divided by 821.
781
Calculate the remainder when 161761033 is divided by 772.
13
What is the remainder when 653913 is divided by 130579?
1018
What is the remainder when 22634660 is divided by 193?
6
Calculate the remainder when 541661 is divided by 1142.
353
What is the remainder when 289439 is divided by 36154?
207
What is the remainder when 1143982 is divided by 498?
76
Calculate the remainder when 715502 is divided by 57.
38
What is the remainder when 167582645 is divided by 13?
9
Calculate the remainder when 48794354 is divided by 149.
132
Calculate the remainder when 401126 is divided by 14787.
1877
What is the remainder when 1378728 is divided by 153187?
45
What is the remainder when 11787310 is divided by 273?
262
Calculate the remainder when 31206461 is divided by 134.
5
Calculate the remainder when 1199914 is divided by 249.
232
What is the remainder when 19688378 is divided by 31?
30
What is the remainder when 20314412 is divided by 4062880?
12
Calculate the remainder when 3011104 is divided by 1003637.
193
What is the remainder when 28829299 is divided by 1932?
1927
What is the remainder when 91790485 is divided by 525?
10
What is the remainder when 1252664 is divided by 626312?
40
Calculate the remainder when 186284 is divided by 2092.
96
Calculate the remainder when 1115769 is divided by 370487.
4308
What is the remainder when 316193 is divided by 2181?
2129
Calculate the remainder when 14626058 is divided by 117952.
10
Calculate the remainder when 4898088 is divided by 699726.
6
What is the remainder when 494694 is divided by 446?
80
Calculate the remainder when 4858815 is divided by 3031.
122
What is the remainder when 50231791 is divided by 52?
51
What is the remainder when 189288 is divided by 23637?
192
Calculate the remainder when 232852 is divided by 2281.
190
What is the remainder when 6533298 is divided by 5?
3
What is the remainder when 1435442 is divided by 38?
30
Calculate the remainder when 117173 is divided by 3990.
1463
Calculate the remainder when 79371443 is divided by 508.
507
What is the remainder when 482006 is divided by 10?
6
What is the remainder when 39164 is divided by 102?
98
What is the remainder when 11303559 is divided by 730?
239
What is the remainder when 43858196 is divided by 1873?
28
Calculate the remainder when 4338495 is divided by 255.
180
Calculate the remainder when 19489920 is divided by 731.
729
Calculate the remainder when 3047000 is divided by 76171.
160
What is the remainder when 3178504 is divided by 1059488?
40
What is the remainder when 80908118 is divided by 8386?
8376
Calculate the remainder when 5885728 is divided by 908.
72
Calculate the remainder when 2214602 is divided by 170354.
0
What is the remainder when 2149 is divided by 586?
391
Calculate the remainder when 3780334 is divided by 3780314.
20
Calculate the remainder when 887169 is divided by 36.
21
What is the remainder when 586756 is divided by 1033?
12
What is the remainder when 33071 is divided by 3003?
38
Calculate the remainder when 827183 is divided by 152.
151
What is the remainder when 1514440 is divided by 11217?
145
What is the remainder when 866311 is divided by 526?
515
What is the remainder when 66788270 is divided by 4355?
4345
What is the remainder when 2317749 is divided by 24?
21
Calculate the remainder when 343825 is divided by 1563.
1528
What is the remainder when 27365604 is divided by 2?
0
What is the remainder when 195339 is divided by 1186?
835
What is the remainder when 114533 is divided by 479?
52
What is the remainder when 42250160 is divided by 42250153?
7
Calculate the remainder when 24428 is divided by 2956.
780
What is the remainder when 889518 is divided by 444720?
78
What is the remainder when 1855534 is divided by 1649?
409
What is the remainder when 17998173 is divided by 701?
699
What is the remainder when 2609086 is divided by 1503?
1381
Calculate the remainder when 3370390 is divided by 70215.
70
Calculate the remainder when 73281 is divided by 898.
543
What is the remainder when 437612 is divided by 531?
68
Calculate the remainder when 213389025 is divided by 11674.
11653
What is the remainder when 2486 is divided by 1236?
14
What is the remainder when 157785484 is divided by 784?
780
What is the remainder when 5089259 is divided by 31032?
11
What is the remainder when 2806499 is divided by 236?
223
Calculate the remainder when 330196 is divided by 678.
10
What is the remainder when 5935 is divided by 3127?
2808
Calculate the remainder when 648660 is divided by 49884.
168
Calculate the remainder when 30356198 is divided by 37.
29
Calculate the remainder when 18856 is divided by 17891.
965
What is the remainder when 295742 is divided by 5?
2
What is the remainder when 370169513 is divided by 1881?
1880
What is the remainder when 193969 is divided by 4973?
22
Calculate the remainder when 30538480 is divided by 58.
30
What is the remainder when 3923145 is divided by 3923126?
19
Calculate the remainder when 5577405 is divided by 18.
15
What is the remainder when 1217603 is divided by 764?
551
Calculate the remainder when 110167 is divided by 3670.
67
Calculate the remainder when 73132 is divided by 5218.
80
Calculate the remainder when 8561544 is divided by 41.
6
What is the remainder when 15817059 is divided by 1364?
115
Calculate the remainder when 46902537 is divided by 660599.
8
What is the remainder when 89177 is divided by 444?
377
What is the remainder when 925773 is divided by 925761?
12
What is the remainder when 575922 is divided by 575917?
5
Calculate the remainder when 36898 is divided by 3430.
2598
Calculate the remainder when 20714936 is divided by 12.
8
Calculate the remainder when 1192485 is divided by 91.
21
What is the remainder when 5679554 is divided by 361?
302
What is the remainder when 1548724 is divided by 93?
88
What is the remainder when 48169 is divided by 47436?
733
Calculate the remainder when 8684667 is divided by 128.
123
Calculate the remainder when 145807 is divided by 270.
7
What is the remainder when 1465893 is divided by 244285?
183
Calculate the remainder when 1920905 is divided by 238.
7
What is the remainder when 78793 is divided by 7831?
483
Calculate the remainder when 30771 is divided by 594.
477
What is the remainder when 5619073 is divided by 385?
383
Calculate the remainder when 9912 is divided by 2108.
1480
What is the remainder when 832514 is divided by 277503?
5
Calculate the remainder when 5242903 is divided by 1145.
1093
Calculate the remainder when 16472615 is divided by 1497510.
5
Calculate the remainder when 654513374 is divided by 352.
350
What is the remainder when 78748769 is divided by 31?
27
Calculate the remainder when 479888 is divided by 8866.
1124
What is the remainder when 51601 is divided by 2112?
913
Calculate the remainder when 660505 is divided by 252.
13
What is the remainder when 266407 is divided by 6344?
6303
Calculate the remainder when 1638212 is divided by 7914.
14
What is the remainder when 49052 is divided by 6118?
108
Calculate the remainder when 742851 is divided by 549.
54
What is the remainder when 15130075 is divided by 1147?
1145
Calculate the remainder when 4268381